(-8).
37
Let l(s) = -s**3 + 3*s**2 - 335*s + 662. Determine l(2).
-4
Let d(z) = 856*z - 5923. Determine d(7).
69
Let z(h) = h + 9. What is z(2)?
11
Let b(k) = -k**2 + 68*k - 13. Give b(67).
54
Let d(x) = -x**2 + 14*x - 118. Calculate d(14).
-118
Let y(x) = x**2 - 113*x - 825. Give y(-7).
15
Let t(x) = 203*x - 204. Calculate t(1).
-1
Let l(h) = 228*h - 19612. Give l(86).
-4
Let p(t) = 2*t**3 - 32*t**2 + 32*t - 28. Calculate p(15).
2
Let y(j) = 197*j + 9851. What is y(-50)?
1
Let z(t) = t**3 - 20*t**2 + 55*t + 9. Determine z(17).
77
Let v(w) = -3*w**2 - 84*w - 48. Give v(-27).
33
Let z(a) = -55*a**2 - 17*a - 14. Give z(-1).
-52
Let z(a) = -195*a + 4775. What is z(25)?
-100
Let t(v) = v**2 - 70*v + 63. Calculate t(69).
-6
Let r(p) = 2*p**3 + 64*p**2 - 40*p - 24. Determine r(-33).
-882
Let p(r) = r**3 - 5*r**2 - 29*r + 12. Determine p(-7).
-373
Let l(g) = g**3 + 111*g**2 - 394*g - 5944. Give l(-114).
-16
Let b(d) = 446*d**3 - 29*d**2 - 28*d + 1. Determine b(-1).
-446
Let f(y) = 3*y**3 - 62*y**2 - 18*y - 91. What is f(21)?
-28
Let l(i) = 3*i**2 - 215*i + 216. Calculate l(1).
4
Let y(s) = -2*s**3 + 10*s**2 + 27*s - 131. What is y(5)?
4
Let p(c) = 8*c**2 + 464*c + 164. What is p(-58)?
164
Let v(y) = -y**2 - 101*y + 1213. What is v(11)?
-19
Let r(c) = 2*c**3 + 66*c**2 + 24*c - 8. Determine r(-32).
1272
Let v(w) = 3*w**2 - 30*w - 33. Give v(0).
-33
Let n(w) = -3*w**2 + 354*w + 9227. What is n(140)?
-13
Let t(g) = 47*g + 1686. Calculate t(-36).
-6
Let h(p) = -56*p - 10. Calculate h(1).
-66
Let k(y) = -y**2 + 12*y + 432. What is k(-32)?
-976
Let y(v) = 8*v**2 + 3*v + 58. Calculate y(-6).
328
Let j(c) = c**2 - 475*c - 3349. What is j(-7)?
25
Let z(m) = -m**2 - 2*m - 35. What is z(-8)?
-83
Let w(z) = 12*z + 273. What is w(-28)?
-63
Let y(u) = -u**3 - 3*u**2 - 5*u - 4. Give y(-3).
11
Let u(l) = 42*l - 2849. Give u(69).
49
Let t(q) = 2*q**3 - 6*q**2 - 26*q - 32. Determine t(-4).
-152
Let y(o) = -3333*o + 23335. Give y(7).
4
Let b(a) = 2780*a - 8346. Calculate b(3).
-6
Let p(s) = -26*s**2 - 2990*s + 15. Determine p(-115).
15
Let g(d) = 11*d**2 - 193*d - 91. Determine g(18).
-1
Let q(f) = 14*f**2 - 243*f + 110. Give q(17).
25
Let n(m) = m**2 - 59*m + 890. Determine n(25).
40
Let w(b) = 14*b**3 - 99*b**2 + 4*b + 30. Calculate w(7).
9
Let i(d) = d**3 + 47*d**2 - 4*d + 79. Give i(-47).
267
Let t(x) = 407*x**3 - 3*x**2 - 5*x - 4. What is t(-1)?
-409
Let f(x) = 3*x**3 - 51*x + 137. What is f(3)?
65
Let u(i) = i**3 + 143*i**2 + 290*i + 1109. Calculate u(-141).
-19
Let o(t) = -t**2 + 107*t - 49. Give o(0).
-49
Let u(n) = -564*n + 4137. Give u(7).
189
Let i(p) = 116*p + 3008. Calculate i(-26).
-8
Let z(t) = t**3 + 8*t**2 + 21*t + 14. Determine z(-7).
-84
Let k(v) = v**3 + 19*v**2 + 41*v + 103. Give k(-17).
-16
Let j(t) = t**3 + 43*t**2 + 33*t - 404. What is j(-42)?
-26
Let q(f) = f**2 + 380*f + 12994. Give q(-38).
-2
Let u(n) = -n**3 + 18*n**2 + 3*n - 3. Give u(18).
51
Let d(r) = -7446*r + 22335. Determine d(3).
-3
Let m(z) = 7404*z - 14816. Determine m(2).
-8
Let w(r) = -r**3 + 4*r**2 + 69*r + 58. Calculate w(11).
-30
Let u(m) = 254*m - 3542. Give u(14).
14
Let y(m) = -2*m**2 - 65*m - 374. What is y(-20)?
126
Let v(h) = -2*h**3 + 3*h**2 + 20*h + 7. What is v(-7)?
700
Let j(k) = k**3 - 9*k**2 + 7*k - 92. What is j(9)?
-29
Let o(d) = -205*d + 1599. Determine o(8).
-41
Let t(a) = -391*a - 48. Calculate t(-1).
343
Let l(c) = -92*c + 4688. Give l(51).
-4
Let l(j) = 3*j**2 + 204*j - 2898. Determine l(-80).
-18
Let w(p) = 4*p**2 - 27*p + 59. What is w(9)?
140
Let h(m) = 785*m + 19627. Calculate h(-25).
2
Let g(p) = -2*p**2 - 34*p - 48. What is g(-20)?
-168
Let i(k) = -2*k**3 + 12*k**2 - 8*k - 10. What is i(5)?
0
Let v(u) = 542*u**2 + 5417*u - 4. What is v(-10)?
26
Let w(o) = 4*o**2 - 186*o + 944. Determine w(41).
42
Let f(i) = 17*i - 451. Determine f(20).
-111
Let p(x) = -35*x - 262. Calculate p(7).
-507
Let v(a) = -924*a - 12012. Give v(-13).
0
Let f(q) = -2*q**3 - 47*q**2 + 40*q + 392. Calculate f(-24).
8
Let a(k) = 11*k**2 - 59*k - 64. Determine a(-1).
6
Let o(a) = -2*a**2 + 283*a - 10. What is o(0)?
-10
Let g(b) = 11*b**2 - 320*b - 622. Determine g(31).
29
Let j(a) = 143*a - 524. Give j(6).
334
Let c(a) = 2*a**3 + 4*a**2 - 193*a + 52. Determine c(-11).
-3
Let a(g) = -11*g**3 - 207*g**2 + 39*g + 21. Determine a(-19).
2
Let b(h) = -h**2 + 39*h + 47. Calculate b(38).
85
Let d(a) = -18*a + 480. Give d(29).
-42
Let b(s) = 12*s + 136. Give b(-11).
4
Let m(g) = -2*g**3 + 19*g**2 - 15*g + 9. Determine m(6).
171
Let v(o) = 186*o - 386. Determine v(2).
-14
Let j(v) = -36*v - 544. Give j(-12).
-112
Let u(y) = -y**2 - 13*y + 1938. What is u(-51)?
0
Let a(t) = 2*t**3 + 108*t**2 + 102*t - 219. Give a(-53).
-7
Let j(m) = m**3 + 16*m**2 + 43*m + 1051. Calculate j(-17).
31
Let r(i) = 1604*i + 17688. Calculate r(-11).
44
Let o(n) = -345*n + 8257. Calculate o(24).
-23
Let n(i) = -55*i**2 + 2309*i + 84. What is n(42)?
42
Let i(m) = -7*m - 3. Determine i(3).
-24
Let v(x) = 40*x + 115. Determine v(-15).
-485
Let l(k) = 21*k + 120. What is l(-8)?
-48
Let y(d) = -2*d**2 + 96*d + 74. What is y(49)?
-24
Let n(o) = -o**3 + 111*o**2 + 117*o - 419. Calculate n(112).
141
Let z(a) = a**3 - 85*a**2 + 165*a + 323. Determine z(83).
240
Let s(l) = 650*l - 3850. Give s(6).
50
Let y(c) = c**2 + 61*c + 807. Determine y(-19).
9
Let r(o) = -43*o - 34. Determine r(2).
-120
Let l(n) = n - 138. Give l(-23).
-161
Let y(x) = -19*x**3 + 155*x**2 - 20*x - 8. Determine y(8).
24
Let b(w) = -w**2 + 21*w - 17. What is b(22)?
-39
Let f(n) = -209*n + 11722. Give f(56).
18
Let q(n) = 2*n**3 + 65*n**2 - 33*n - 3. What is q(-33)?
-3
Let b(s) = 199*s + 8981. What is b(-45)?
26
Let k(s) = -4*s**3 + 133*s**2 + 16*s - 1609. Determine k(33).
8
Let m(n) = -558*n + 6125. Calculate m(11).
-13
Let s(w) = -17*w**2 - 4*w. Calculate s(3).
-165
Let n(q) = -q**3 + 6*q**2 - 7*q - 3. What is n(5)?
-13
Let b(n) = -n**3 + 53*n - 134. What is b(5)?
6
Let f(k) = -k**2 + 1044*k - 8277. Give f(8).
11
Let m(j) = j**2 + 194*j + 2379. Determine m(-13).
26
Let p(r) = 6*r - 123. Calculate p(30).
57
Let u(c) = c**3 + 24*c**2 + 26*c + 439. Determine u(-24).
-185
Let k(z) = -z**2 - 90*z + 1434. Determine k(14).
-22
Let j(r) = r**3 + 10*r**2 + 2*r - 7. Calculate j(-10).
-27
Let r(a) = -a**2 + 597*a + 17494. Give r(-28).
-6
Let a(n) = -2*n**2 + 7*n + 31. What is a(-3)?
-8
Let i(f) = 20*f - 144. Determine i(-18).
-504
Let f(k) = -11*k - 50. Give f(-14).
104
Let f(d) = -35*d - 9. What is f(2)?
-79
Let m(a) = -a**2 + 13*a + 11. Determine m(10).
41
Let r(q) = -q**3 + 27*q**2 - 128*q + 17. Calculate r(6).
5
Let x(d) = 122*d + 10. Calculate x(0).
10
Let t(j) = 846*j + 836. Determine t(-1).
-10
Let n(m) = m**2 - 35*m - 232. Give n(-5).
-32
Let m(n) = -8*n**3 - 561*n**2 - 67*n + 209. Calculate m(-70).
-1
Let v(u) = 39*u**2 + 91*u + 176. Calculate v(-2).
150
Let s(r) = -r**3 - 63*r**2 - 512*r + 946. What is s(-53)?
-8
Let o(m) = -21*m**3 + 335*m**2 + 19*m - 48. Determine o(16).
0
Let i(o) = -453*o - 44404. What is i(-98)?
-10
Let s(r) = r**3 - 250*r**2 - 2058*r + 18. Give s(-8).
-30
Let t(k) = 4*k**2 - 268*k + 1686. Calculate t(7).
6
Let a(j) = -8*j + 4. Calculate a(-1).
12
Let p(m) = -273*m + 654. Calculate p(2).
108
Let l(g) = -g**2 + 45*g + 32. Give l(46).
-14
Let g(v) = 713*v + 2858. What is g(-4)?
6
Let t(a) = 4*a**2 + 2*a + 4. Give t(-1).
6
Let g(y) = 32*y**2 - 372*y + 1057. What is g(5)?
-3
Let z(k) = 23*k - 21. Give z(-1).
-44
Let t(l) = 13*l**2 + 11*l - 11. Calculate t(-4).
153
Let t(g) = -4*g**2 + 3681*g + 25962. What is t(-7)?
-1
Let n(s) = 3*s**2 + 42*s - 47. What is n(-19)?
238
Let j(m) = m**3 + 236*m**2 + 36*m + 8494. Determine j(-236).
-2
Let m(j) = -129*j - 132. Give m(-1).
-3
Let r(k) = k**2 + 77*k + 1427. Calculate r(-30).
17
Let b(t) = 68*t**2 - 333*t - 1. Give b(6).
449
Let w(k) = -k**2 - 15*k + 159. What is w(-22)?
5
Let a(o) = 229*o + 1128. Give a(-6).
-246
Let p(i) = -18369*i + 18360. Determine p(1).
-9
Let f(a) = -213*a + 633. Calculate f(3).
-6
Let w(s) = s**3 - 8*s**2 - 6*s + 11. What is w(8)?
-37
Let s(v) = -v**3 - 26*v**2 - 132*v - 2017. Give s(-24).
-1
Let f(m) = 5*m + 88. What is f(-3)?
73
Let n(r) = -81*r - 8570. Give n(-106).
16
Let z(g) = -g**3 - 33*g**2 + 325*g + 20. What is z(8)?
-4
Let r(q) = q**3 + 15*q**2 + 28*q + 27. Dete